 digit of y?
0
Let d(p) = -2*p**3 - 3*p**2 + 9*p + 142. What is the units digit of d(-13)?
2
Let n be (-2)/3*(-6)/4. Suppose -2 - 2 = 2*u, 3*d - n = -4*u. Suppose -k - 2*x + x = -60, 0 = -4*k - d*x + 244. What is the units digit of k?
4
Let c(r) = 8*r**2 - 1. Let s be c(-7). Let x = s - 282. What is the tens digit of x?
0
Let a(g) = -18*g**3 + 16*g**2 + 71*g - 3. What is the thousands digit of a(-8)?
9
Let b be -1 - -2*(-21)/14. What is the units digit of (412 + -5)*(6 + b)?
4
Let u(k) = -k**2 + 7*k + 6. Let f be u(4). Let p(l) = -2*l + 18. Let b be p(f). What is the tens digit of ((-3)/(-1) - b)*(-69)/(-9)?
6
What is the thousands digit of ((-66357)/3)/(2 - 5)?
7
Let h = -242 - -210. What is the thousands digit of 7422*(-8)/h*(-2)/(-3)?
1
Let s = 766 + -1939. What is the tens digit of 6/4 - s/6?
9
Suppose -216*b = -303*b + 241077. What is the tens digit of b?
7
Let b = 275 - 51. Suppose b = c - 71. What is the units digit of c?
5
Let x(v) = 14*v**2 - 43*v + 4. Let t be x(3). What is the hundreds digit of 841 - t - (-65 - -74)?
8
Let q be 6*1*(-3)/(-3) + (521 - 509). Let i(l) = 2 - 6 + 6*l - 35. What is the tens digit of i(q)?
6
Suppose 4*u + 211*c - 207*c - 119816 = 0, 3*u + 5*c - 89868 = 0. What is the thousands digit of u?
9
Suppose -60*f + 40 = -52*f. What is the tens digit of 585 + 3 + (-35)/f?
8
Suppose 0 = -4*a + 3*d + 93118, 43*d = 5*a + 40*d - 116402. What is the hundreds digit of a?
2
Suppose 9*z = -5*o + 5*z + 432, -3*o - z = -262. What is the tens digit of o?
8
Suppose 6517 = 2*z - 5*z + 2*b, -2*b = 2*z + 4348. Let l = -814 - z. What is the tens digit of l?
5
Suppose 3*z + 10 = 22. Let m be (-9188)/(-14) + z/(-14). Suppose -26*y = -22*y - m. What is the tens digit of y?
6
Suppose 5*h + 5*r = 69356 - 14996, -4*r - 43504 = -4*h. What is the ten thousands digit of h?
1
Let u(c) = 3*c + 4. Let g be u(0). Suppose g*a + f + 1 = 5*a, -3 = -f. Suppose -2*m - 212 - 64 = -4*l, 5*l - a*m - 351 = 0. What is the tens digit of l?
6
Let x be -7*1 + (-11 + 24 - -147). Let f(l) = 8*l + 7. Let t be f(5). Suppose 0 = -48*b + t*b + x. What is the tens digit of b?
5
Let g = 67616 - 46682. What is the units digit of g?
4
Let s = -1 + 5. Suppose 4*w - 7*u - 32 = -22, -u + 18 = -3*w. What is the tens digit of 4 + 102 - (w + s)?
1
Let u(p) = 3*p - 34. Let x be u(12). Let b be (-3 + 15/6)*x - -6. Suppose -b*w + 48 = -187. What is the units digit of w?
7
Suppose -10*r + 2541 - 31 = 0. Suppose -r*d + 1108 = -247*d. What is the hundreds digit of d?
2
Let a(o) = -2*o**3 + 45*o**2 + 25*o - 50. Let y be a(23). What is the hundreds digit of ((-322)/y)/(-7)*-58?
6
Suppose -5*n = 0, -3*f - n = 4*n - 273. Let l = 136 + f. Let r = 368 - l. What is the units digit of r?
1
Let z(g) = -g - 17. Let f(v) = v**3 - 7*v**2 - 2*v - 5. Let b be f(7). Let u be z(b). Suppose 21 = u*c - 49. What is the tens digit of c?
3
Let k = -13431 - -30671. What is the ten thousands digit of k?
1
Let q(l) = -18*l**3 - 3*l**2 - 54*l - 155. What is the tens digit of q(-3)?
6
Let k(d) be the first derivative of d**3/3 - 11*d**2/2 - 48*d - 152. What is the tens digit of k(-23)?
3
Let q(d) = -29*d - 10. Suppose 0*s = -3*j - 2*s + 4, j + 2 = -4*s. Let x be -1 + j/3 + 104/(-12). What is the hundreds digit of q(x)?
2
Suppose -3*w = -5*p + 29, 35 = 5*p - 0*p - 5*w. Suppose 5*b = -2*j - 0*j + 444, -2*j + p*b + 444 = 0. Let y = j + -140. What is the tens digit of y?
8
Let g be 1*(14 + -5) - 4 - 5. Suppose 2*o + 5*z = 419, -o + g*o - 3*z = -207. What is the units digit of o?
2
Let v(s) = -12*s**2 - 13*s - 60. Let g(w) = 2*w**2 + 3*w + 12. Let x(b) = -11*g(b) - 2*v(b). Let m(f) = f - 2. Let d be m(-4). What is the units digit of x(d)?
2
Let s(j) = -18*j**2 - 2 + 27 - 15*j + 39*j**3 - 40*j**3. Let w be s(-17). Let i(x) = x**3 + 8*x**2 - 19*x + 2. What is the units digit of i(w)?
2
Let a be 8/(-72) + 56/18. Let n be -2*652/(-24)*a. Suppose -t + n = -15. What is the hundreds digit of t?
1
Let f(r) = -r**2 + 10*r - 9. Let q be f(3). Let w = 359 + q. What is the tens digit of w?
7
Let a(f) = 25*f**3 + 4*f**2 + f - 4. Let r be a(8). Suppose 15*p + 5*p - r = 0. What is the tens digit of p?
5
Suppose -1502*s = -1486*s - 133744. What is the tens digit of s?
5
Suppose w - 4 = 0, -2*m - 3*w - 2*w = -26. Suppose 67 = u + 3*l - 2*l, -5*u + 345 = m*l. Let n = -36 + u. What is the units digit of n?
6
Suppose 3*y = 4*s + 20384 + 4266, -4*s = 2*y - 16420. What is the tens digit of y?
1
Suppose -5*s + 4*u = -24505, -2*s + 4723 = -u - 5079. What is the thousands digit of s?
4
Suppose -8*q = -135 + 47. What is the hundreds digit of 299 - 4 - (-6 + q)?
2
Let f = -335 - -315. Suppose 5*l + 16 = -4, 5*q - 26 = 4*l. What is the tens digit of -2 + ((-32)/f)/(q/45)?
3
Let l(d) = -211*d + 582. What is the thousands digit of l(-30)?
6
Suppose -7*u = 9 - 23. Let r be (91 + -5)/(u - (-12)/(-5)). Let t = r - -347. What is the hundreds digit of t?
1
Let p be 2*-18*(-4)/(-6). Let a = 15 + -47. What is the tens digit of (138/p + -4)/(2/a)?
5
Suppose 0 = 6*o - 11*o - b + 21226, o = 4*b + 4262. Suppose 109*m - 120*m = -o. What is the hundreds digit of m?
3
Let p be 8/(-28) - (-34242)/42. Suppose -4*l + 3*u + 603 = -1026, 0 = -2*l + u + p. What is the units digit of l?
8
Let n(f) = 14*f + 46. Let i be n(-3). Suppose -4*j + 480 = i*w, 2*j = 3*j - 2*w - 114. What is the hundreds digit of j?
1
What is the tens digit of (-9 - (-559)/65)/((-2)/35440)?
8
Suppose y - 21 = 265. Suppose 468 = -4*i - 5*s, 3*s + 354 = -22*i + 19*i. Let o = i + y. What is the units digit of o?
4
Suppose -6*d + 17638 = -1988. Suppose 11*w - d = -741. What is the hundreds digit of w?
2
Let w = -69 + 101. Suppose 2*p = p - w. Let m = p - -117. What is the units digit of m?
5
Let d be -2 + 2 + -1 + 57. Suppose 4*m - n = -3*n - d, -5*n - 5 = m. Let f(q) = -q**2 - 20*q + 26. What is the hundreds digit of f(m)?
1
Let v = 96 + -229. Let d = 3 - v. What is the units digit of d?
6
Let g = 44 - 49. Let s be (-5)/((-4 - g)*-1). Suppose -4*y + 444 = 5*h, -2*y = -s*h - 0*h - 192. What is the tens digit of y?
0
Let h(s) be the third derivative of 5*s**4/8 - 31*s**3/3 + 30*s**2 - 2. What is the units digit of h(11)?
3
Suppose 0 = 21*x - 66 - 18. Suppose -x*u = -17*j + 18*j - 39, 2*j + 3*u = 63. What is the tens digit of j?
2
Suppose 3*q + 2*h - 16935 = 0, 5*q - 7*h + 12*h - 28225 = 0. What is the hundreds digit of q?
6
Let w = -133 + 83. Suppose -19*n = -15*n + 296. Let i = w - n. What is the units digit of i?
4
Let q = 204 - 204. Suppose s - 93 - 353 = q. What is the units digit of s?
6
Let k(l) = l**2 - 2*l + 1. Suppose -4 = -z - z. Let c be k(z). What is the units digit of 2*(1 - -35) - c?
1
Let h(b) be the first derivative of b**3/3 + 3*b**2 - 13*b + 6. Let y(r) = 9*r - 20. Let a be y(3). What is the tens digit of h(a)?
7
What is the hundreds digit of 57002 + (-14 - (-9 - 11))?
0
Let s(r) = 460*r + 6645. What is the thousands digit of s(27)?
9
Let c(u) = 5*u - 15. Let q be c(4). Let x(g) = -3*g**3 + 5*g**2 - 6*g + 3. Let h be x(q). Let v = -188 - h. What is the units digit of v?
9
What is the tens digit of (-139587)/((-115)/(-5))*(-2)/3?
4
Let o = 72581 - 41720. What is the tens digit of o?
6
Let z be (18/(-36))/(1/10). Let u(d) = -d**3 - 3*d**2 + 10*d. Let l be u(z). What is the units digit of 1*(-3 - l)/(-2 + -1)?
1
Let d(c) = c**3 + 2*c**2 - 4*c + 1. Let u be d(-3). Suppose 5 = 53*o - 52*o. Suppose o*x - 3*x - 300 = -2*t, -750 = -5*x - u*t. What is the hundreds digit of x?
1
Let u(y) = 11*y**2 + 10*y + 19. Let z = 316 - 322. What is the hundreds digit of u(z)?
3
Suppose 3*g - 6 = -2*j, 0*j + j - 5*g + 23 = 0. Let w be (24/9)/(-8)*j. Suppose 41 = l - w. What is the units digit of l?
2
Suppose 2*y = -5*j + 30, -2*y + 2 = 3*j - 12. Suppose -105 = -j*q + 7. What is the units digit of q?
4
Let h = 9800 + -2944. What is the tens digit of h?
5
Suppose -247*c - 4*x + 2730 = -246*c, -4*c + 11015 = -3*x. What is the units digit of c?
0
Suppose 56*s - 1038306 - 3587238 = 0. What is the units digit of s?
9
Let m be ((-3)/(-15))/((-2)/5)*22. Let s be -56*((2 - 1) + m). Suppose -3*a = -4*i + s, 0 = 2*i - 3*a - 144 - 136. What is the units digit of i?
0
Let j be ((-208)/40 + 4)/(2/(-570)). Let d = -331 + j. What is the units digit of d?
1
Let w = 53 + -51. Let t be (6 - -90)/(w + 50/(-28)